102*i + 1234. List the prime factors of j(-24).
2, 13, 1061
Let c = 5323 - -716. What are the prime factors of c?
3, 11, 61
Let a = -25609 - -48035. List the prime factors of a.
2, 11213
Let k be ((-10)/(-1))/(2/25). Let x(t) = -90*t**2 + 20*t - 15. Let z be x(1). Let r = k + z. What are the prime factors of r?
2, 5
Let n(h) = h**3 + 8*h**2 - 11*h - 20. Let w be n(-9). Let v = w - -236. Suppose -4*d + 2*o + 550 = 0, v = 4*d + 4*o - 286. What are the prime factors of d?
3, 5
Let w be 0 - 2/((-24)/(-4602))*-2. Suppose -3*t - w = -x + 639, -t = -5*x + 7086. List the prime factors of x.
2, 709
Let n be -130 - (-1 + 6 + -3). Suppose 5*c = -14 - 151. List the prime factors of ((-19)/15 + c/(-55))*n.
2, 11
Let b = 482 - 477. What are the prime factors of 595 - -5 - (1 - b - 2)?
2, 3, 101
Suppose o + 53214 = 4*f, 3*f + 114*o = 105*o + 39891. List the prime factors of f.
53, 251
Let r be -4 - 0 - (-208)/26. Suppose -2*b = -2*k - 476, 0*k + 1172 = 5*b + r*k. What are the prime factors of b?
2, 59
Let l = 28989 + -18871. What are the prime factors of l?
2, 5059
Let x = -60 - -64. Let p(w) = 11*w**2 + w + 14. Let h be p(x). List the prime factors of (-3 - 21/(-6))*h.
97
Let z(k) = 13*k**2 + 82*k + 148. List the prime factors of z(-9).
463
Suppose 56698 = 46*g - 44*g - w, -g + 6*w + 28305 = 0. List the prime factors of g.
3, 13, 727
Let i(f) = 93*f + 19. Let p be i(6). Let x = p + -307. What are the prime factors of x?
2, 3, 5
Suppose -3*m - x + 147 = -0*m, -m = 5*x - 35. Suppose -3*q + 4*k - m = -1114, 0 = -2*q - 5*k + 740. List the prime factors of q.
2, 3, 5
List the prime factors of (-9)/((-45)/10240) - 9.
2039
Let l = -44 + 46. Suppose -17 + 137 = -l*p. Let x = 141 + p. What are the prime factors of x?
3
Let q be (-45 - -42) + -1 + 9. Suppose 0 = -q*t - 2*o + 3569, -3740 + 179 = -5*t + 2*o. What are the prime factors of t?
23, 31
Suppose 23*m - 27*m - 2536 = 0. Let a = -151 - m. List the prime factors of a.
3, 7, 23
Let l(a) = 196*a**3 + 28*a**2 - 19*a + 15. What are the prime factors of l(5)?
2, 5, 157
Let y(n) = -2*n**3 - 4*n**2 + 3*n - 5. Let v be y(-4). Suppose 0 = 3*k + v - 701. What are the prime factors of (14 + k)*((-1)/2 - -1)?
2, 29
Let a = 305 + -301. Suppose 0*x - 2267 = -a*x - 3*t, 3 = 3*t. What are the prime factors of x?
2, 283
Let k be (1 - (-1282)/(-4))/((-23)/138). Suppose 0 = 8*q - 1843 - k. List the prime factors of q.
2, 5, 47
Let g(a) = -a**3 - 16*a**2 + 7*a - 16. Suppose 8*h + 136 = -0*h. List the prime factors of g(h).
2, 7, 11
Let s(f) = -9*f + 145. Let t be s(16). What are the prime factors of (15/(-25))/(t/130*-2)?
3, 13
Let s be (1 - -2)*(-2 - (-22)/6). Let f be 748/(-12) + (5/3)/s. Let q = f - -83. List the prime factors of q.
3, 7
Let m be (-7)/5 + 1 + (-35)/(-25). Suppose 0 = h + m, -5*p - 4*h = -7*h - 48. Suppose p*o = 1321 - 187. List the prime factors of o.
2, 3, 7
Suppose -10*u - 1460 - 430 = 0. Let c = 22 - u. List the prime factors of c.
211
Suppose -3*q + 545 = -5*s, -s + 346 = -q + 3*q. Suppose 5*p = 6*p - q. List the prime factors of p.
5, 7
Suppose 0 = -2*h + 15 - 7, 2*v + 5*h - 42610 = 0. What are the prime factors of v?
5, 4259
Let i = 3916 - 2001. List the prime factors of i.
5, 383
Suppose -17*q - 4573 = 8959. Let l = 1403 + q. What are the prime factors of l?
607
Let w = -345 - -348. Suppose -3 = -w*o, 0 = 10*m - 9*m - 4*o - 874. What are the prime factors of m?
2, 439
Let n be 4/(80/316) - 52/65. Suppose -2*t = -2*h + 4*h - 1736, 3*t + n = 0. List the prime factors of h.
3, 97
Let q(x) = 403*x**2 + 65*x - 7. List the prime factors of q(-4).
7, 883
Suppose -100*x + 18867 = -81*x. Let g = -248 + x. What are the prime factors of g?
5, 149
Suppose -3*z + 5*z - 33 = -9*z. Let l(d) = 14 - d**2 - 5*d + 4*d**2 - 3*d. List the prime factors of l(z).
17
Suppose -g + 728 = 84. Let a = -10 + g. List the prime factors of a.
2, 317
Suppose 3 = 3*i, -1 - 18 = -2*k + i. Suppose 820 = -k*u + 12*u. Suppose -u + 134 = -2*x. What are the prime factors of x?
2, 3, 23
Let i(b) = 18*b + 44. Let y be i(30). Let u = 94 + y. What are the prime factors of u?
2, 3, 113
Suppose -5*r = 15 - 25. List the prime factors of (-6*3/(-27))/(r/1416).
2, 59
Let u(x) = -11430*x - 5542. What are the prime factors of u(-6)?
2, 43, 733
Let w be (8/20)/(-1 - 49/(-50)). Let s = -16 - w. Suppose -472 = -s*x - 2*t, 5*x - 158 = -t + 438. What are the prime factors of x?
2, 3, 5
Suppose -32*u - 2*h + 159216 = -28*u, -6*u + 238820 = 5*h. What are the prime factors of u?
5, 19, 419
Let s be (-4)/(-22) - ((-65)/(-55) + -5). Let y(b) be the first derivative of 37*b**2/2 - 15*b - 4. List the prime factors of y(s).
7, 19
Let i(v) = 110 - 37 + 4*v + 24. List the prime factors of i(7).
5
Let d = -579 + 587. Let a = 8 - 6. Suppose -d = a*w - 4*b - 216, -b + 89 = w. List the prime factors of w.
2, 47
Let c = -414 + 989. List the prime factors of c.
5, 23
Suppose -4*i - 50*l + 49144 = -46*l, 0 = 7*i + 4*l - 86017. What are the prime factors of i?
3, 17, 241
Let o = 6727 + 9989. List the prime factors of o.
2, 3, 7, 199
Let a = 95 + -171. Let l = 2 + a. Let s = -51 - l. What are the prime factors of s?
23
Let s be ((-6)/6)/(9/(-54)). Suppose 0 = -s*v + 337 + 7631. List the prime factors of v.
2, 83
Let p = 20680 + -7456. What are the prime factors of p?
2, 3, 19, 29
Let r be 4*3*(-21)/(-14). Let h(c) be the first derivative of 2*c**2 + 60*c + 52. What are the prime factors of h(r)?
2, 3, 11
Let k = -9498 + 17508. List the prime factors of k.
2, 3, 5, 89
Let o(u) = u**2 + u - 2. Let x be o(-3). Let t(z) = 0*z**3 + 5*z**3 - 6*z**2 - 4*z**2 - x*z**3 + 11. List the prime factors of t(10).
11
Let c(t) = 17*t**2 + 10*t + 272. List the prime factors of c(-8).
2, 5
Suppose -10*j = 6*j. Suppose 12*u - 1086 - 606 = j. List the prime factors of u.
3, 47
Suppose 9*q + 20910 = 26*q. What are the prime factors of (-1)/((20/q)/(4/(-6)))?
41
Suppose -19*z = -18*z + 4*c - 20253, 0 = z - 5*c - 20217. What are the prime factors of z?
7, 59
Suppose 9714 = 327*p - 321*p. Suppose 11*r = p + 3573. What are the prime factors of r?
2, 59
Suppose 20*h + 326 = -214. Let p be 15/h*-3 - 2/3. What are the prime factors of (41*(p - 2))/(4/(-28))?
7, 41
Let w = -5 + 7. Suppose -w*g = -25 + 19. Suppose g*u - k - 258 = 156, -5*u = k - 690. List the prime factors of u.
2, 3, 23
Suppose 0 = 2*l - t - 205, -2*l = 11*t - 7*t - 210. Let m = 168 + l. List the prime factors of m.
271
Suppose -2797 = -43*g + 4169. List the prime factors of g.
2, 3
Let l(s) = -193*s + 8. Suppose -4*y + 3*p = -p - 20, -2*p = 5*y - 4. Let v be l(y). What are the prime factors of (-908)/(-7) - (-9)/(v/(-12))?
2, 5, 13
Suppose -3*x + 0*i - 72 = 3*i, 2*x - i = -48. Let y be (-3)/(-9) + (-40)/x. Suppose -3*c = -4*k - 237, y*k = -c + 56 + 13. List the prime factors of c.
3, 5
Let z = 6143 - 647. Suppose w + 6585 = 5*a, 4*w + 1568 = -3*a + z. List the prime factors of a.
2, 7, 47
Suppose 0 = 41*z - 28*z - 26. Suppose 2*t + 0*t - 8 = 0. Suppose -y = z, 9*m - y - 382 = t*m. What are the prime factors of m?
2, 19
Suppose -5*r = -4*u - 604, 3*r - r = -3*u + 260. What are the prime factors of 60*(-1 - r/(-16))?
3, 5
Let u be (14/5)/7*25/2. Suppose -4*a = 12, -a + 7 = u*t - 5*a. Let i = t + 95. List the prime factors of i.
2, 47
Let t be (-2)/7 - (-25380)/42. Suppose 4*n - 8*n = -t. List the prime factors of n.
151
Suppose i - 2*h + 7*h = 6219, h - 12483 = -2*i. List the prime factors of i.
2, 7, 223
Suppose b = -3*b + 3*r - 7, 5*b - 3*r + 5 = 0. Suppose 0 = -5*w + 5*n + 2330, w - b*n + 5*n = 466. Suppose w = 5*q - 209. What are the prime factors of q?
3, 5
Let z(k) = k**3 - k**2 + 8*k + 4. Let v be z(6). Let n(a) = 10*a**2 + 427*a + 1291. Let t be n(-3). Let r = v - t. List the prime factors of r.
2, 3, 11
Let a be (150/105 - 3/7) + -1. Suppose a = 15*o - 4*o - 33. List the prime factors of o.
3
What are the prime factors of 15/((-90)/(-88))*(-4 + 64)?
2, 5, 11
Let m = 360 + 34. List the prime factors of m - (4/7 - 3/(-7)).
3, 131
Suppose -2*j - 21 = -q, -q + 75 = 4*q + 5*j. Suppose 5*v + 2 = q. Suppose -4*k - 236 = -2*s - 8*k, -v*s + 2*k = -378. List the prime factors of s.
2, 31
Suppose 3*f + 7339 - 6617 = 24341. What are the prime factors of f?
7873
Let j(i) be the third derivative of 3*i**5/20 + i**4/8 + i**3/6 - i**2. Suppose 